0 + d. Suppose g - 71 = -5*n + 25, -m = -4*g + n. Is g a composite number?
True
Suppose 3*t - 28139 + 1047 = 5*i, -t + 3*i + 9032 = 0. Is t prime?
True
Suppose 0 = -5*c - 25, -55*s + 56*s + c = 18114. Is s a prime number?
True
Let o be (-3)/(2 - (-55)/(-20)). Suppose 0 = 6*b - o*b - 268. Is b composite?
True
Let i = -5975 - -10342. Is i a prime number?
False
Suppose -17 = -4*y - 5. Suppose -5*w = 4*v + 7 + 14, -7 = v + y*w. Is ((-168)/(-16))/((-3)/v) a prime number?
False
Let j = 2790 - 1975. Is j prime?
False
Suppose 0 = -6*m + 4 + 20. Let f = 1 - 0. Is (m - 2) + 1475/f a prime number?
False
Let l(z) = 206*z + 13. Is l(3) a prime number?
True
Let u(c) = 2*c**3 - 5*c**2 + 4*c + 1. Let f(k) = k**2 - 11*k + 4. Let d be f(11). Is u(d) prime?
False
Let v(z) be the third derivative of z**5/15 - z**4/6 - z**3/3 + z**2. Let o be v(2). Is 17451/(-6)*(-4)/o a composite number?
True
Let n = 791 + -455. Suppose n + 428 = 4*j. Is j prime?
True
Suppose 3*x + 4*v + v = 1012, 0 = 3*v - 6. Let m = x - 140. Suppose 0 = g + g - m. Is g a composite number?
False
Let h = 32061 + -22538. Is h composite?
True
Let k = -20 + 24. Let v be 14 + k + -6 - 3. Let a(o) = -o**3 + 10*o**2 + 11*o - 19. Is a(v) a composite number?
True
Suppose -3*g + 3493 + 71714 = 3*p, 0 = -3*g - 2*p + 75211. Is g a prime number?
True
Let o be (-3)/(-6)*10 + 3. Let x be 0*(-3 - (-26)/o). Suppose 3*i - i - 166 = x. Is i composite?
False
Let v(j) = j**3 - 2*j**2 - 5*j + 15. Let i be (-2)/((-5)/55*2). Is v(i) a composite number?
False
Let r(s) = 7*s + 4. Let c be r(-2). Is (-5814)/c - (-8)/(-20) a prime number?
False
Suppose -124 = 20*l + 36. Is (7142/l)/(12/(-48)) a composite number?
False
Let z = -22 + 16. Let q(c) = 14*c**3 - 7*c**2 + c - 4. Let o(i) = 15*i**3 - 8*i**2 + 2*i - 4. Let p(k) = z*q(k) + 5*o(k). Is p(-3) a composite number?
True
Suppose 7*c - 13*c - 12 = 0. Is (c/(-3))/((-12)/(-9522)) a prime number?
False
Suppose 5*h + 5*q = 4*q - 5, 2*h + 2 = -5*q. Let l be ((-40)/6)/(h/6). Is (0 + 4)*1790/l composite?
False
Let g = -42 - -44. Suppose g*u - 1260 = 218. Is u a prime number?
True
Let w(i) = i - 2. Let o be w(-14). Is (-2556)/o - 6/8 a prime number?
False
Suppose -6*w + 32 - 2 = 0. Suppose 4*p = -g + 30225, p = w*p + 4*g - 30240. Is p a prime number?
False
Let i(b) = 33*b**2 - 22*b - 2. Is i(-21) composite?
False
Suppose 2*l = 5*q - 426, -5*l = -5*q + 355 + 80. Suppose -5*g = 79 + 186. Let n = q + g. Is n a prime number?
True
Suppose -3*v = -q + 1033, 9*q + 3132 = 12*q + 2*v. Is q a prime number?
False
Let z(c) = 33*c**2 - 529*c - 29. Is z(35) a composite number?
False
Suppose 0 = -3*j + 4*h + 42963 - 9038, -3*j + 33929 = -5*h. Is j prime?
False
Let f be (-4)/14 + (-46)/(-14). Suppose -3*t + 126 = 3*x, -x - x + 109 = -f*t. Is x a prime number?
True
Suppose -5*i = -8*i + 15. Suppose 1560 = i*j + 5*w, -5*j + 6*w + 1510 = w. Is j composite?
False
Suppose k - 4*k = 2454. Let s = 1401 + k. Is s prime?
False
Let c(f) = -f**2 - 6*f - 1. Let j be c(-4). Suppose 6*y = y + 5, -4*y = w - j. Suppose 0 = -3*z - 4*p + 207 + 296, 3*p = w*z - 510. Is z a composite number?
True
Let s(o) = 265*o - 30. Let q be s(15). Is q/2 + (-1)/(-2) prime?
True
Suppose -p - 20 = -6*p. Suppose 0 = -2*k + 4*l - p, 4*k - l - 22 = l. Suppose 3*n + 8825 = k*n. Is n composite?
True
Suppose 80 + 64 = -2*m. Is 6297/8 + 9/m composite?
False
Let r(t) = 3*t - 40. Let y be r(15). Is (y - 2) + (-5 + 2 - -179) a prime number?
True
Suppose 0 = -4*w + 2*u + 1800, 4*w - 461 = 3*w - 5*u. Is w composite?
True
Let l = -604 - -1228. Let y = l - -127. Is y a prime number?
True
Let j be (-1)/2 + 50/20. Suppose -3*z = -j*z - 728. Suppose -4*a + z = 76. Is a composite?
False
Let b(o) = 8*o**3 - 3*o**2 + 8*o - 57. Is b(10) composite?
False
Let p(w) = 102*w. Let a be -1 + -2*3/(-3). Let j be p(a). Suppose 0 = -5*m + 3*m + j. Is m prime?
False
Suppose 5*a - 85 = -5*l, 14 + 22 = 3*l - 2*a. Suppose -4*q - l - 2 = 0. Let u(d) = -14*d - 1. Is u(q) a prime number?
False
Let q = 3 + -3. Suppose -n - 5*f - 16 = 0, q = -2*n - f + 6*f + 28. Suppose -n*m = -z + 119, 4*z + m = 7*z - 379. Is z composite?
False
Let b(x) = x**2 + 4*x - 11. Let p be b(-9). Suppose g - 3*r = p, 2*r = 5*r. Is g a composite number?
True
Let a = 48 - 48. Suppose 3*d = -3*r + 5013, -2*r = -a*r + d - 3344. Is r a composite number?
True
Let j(o) = -34*o - 12*o - 4 - 13*o. Is j(-7) a prime number?
True
Let f(d) = 1222*d + 35. Is f(2) a composite number?
True
Let j = -942 + 394. Let h = 818 + j. Suppose 5*b + 2*p - h = 33, -5*b = 4*p - 311. Is b prime?
True
Let o be 21/(-35) - 23/(-5). Suppose -1465 + 405 = -o*t. Is t composite?
True
Let d = 19494 - -751. Is d prime?
False
Let c be (-1)/(-2)*(-2 - 0). Let o(r) = 83*r**3 + 4 + 4*r - 347*r**3 - 3 - r + 1. Is o(c) a composite number?
False
Suppose -z - 14 = -a, z - 5 = 2*a - 18. Let n be 9/z - 6/(-10). Let m = n + 37. Is m a prime number?
True
Let n = 6785 + 6336. Is n a prime number?
True
Let c = 12876 - 4303. Is c a composite number?
False
Let n(i) = i**3 - 3*i**2 + 2*i - 3. Let m be n(3). Is m/(-2)*(-1490)/15 a composite number?
False
Suppose 0 = -11*r + 18921 + 3134. Let g = r - -1938. Is g composite?
False
Let c(d) = 265*d + 1. Let f(p) = 1060*p + 3. Let y(w) = 9*c(w) - 2*f(w). Let n be y(4). Suppose -2*j + n = 5*s, s + j - 4*j = 199. Is s composite?
False
Let l(c) = -14*c + 777*c**2 + 2 - 190*c**2 + 16*c. Is l(-1) prime?
True
Let k(b) = -b**3 + 20*b**2 + 16*b - 63. Is k(-22) prime?
True
Let k = 2461 + -1007. Suppose 1920 = 4*z - 6*s + 2*s, -3*z - 4*s = -k. Let o = z + -223. Is o a composite number?
True
Suppose -3*w + 0*w + 2*q = -3, q = 2*w - 1. Is 73/(8/6 + w) prime?
False
Is (23943/6)/((-39)/(-6) - 6) composite?
True
Let p = -766 - -15087. Is p prime?
True
Suppose 182 = -4*r - 4*s + 1846, -4*r = 5*s - 1664. Let c = r + -221. Suppose 3*t - c = -30. Is t a prime number?
False
Suppose y = -3*h + 9, 5*h - h - 12 = y. Suppose -a - 4*s + 185 = -6*s, -h*s = 4*a - 696. Is a composite?
True
Let a(y) = y**3 + 3*y**2 + y + 3. Let v be a(0). Suppose j - 3*j = -4*p - 194, -v*j + 279 = -2*p. Is j a prime number?
False
Let a(s) be the first derivative of -s**4/4 - 7*s**3/3 - 3*s**2/2 + 24*s + 11. Is a(-11) composite?
False
Suppose -4083 = 22*g - 25*g. Suppose 9*h = 10*h - g. Is h prime?
True
Let w be ((-1)/6)/(1/(-6)). Suppose a = w + 2. Suppose 3*h = -4*r + 20 + 65, -85 = -2*h + a*r. Is h a prime number?
False
Suppose -13*l + 19567 = 4*l. Is l a composite number?
False
Suppose -i - 4*t - 76 = -5*i, 0 = 2*i - t - 40. Let q(d) = -d**3 + 38*d**2 - 17*d - 19. Is q(i) a prime number?
True
Suppose 2*t + 8*x - 2518 = 9*x, -2*x - 6295 = -5*t. Is t a composite number?
False
Suppose 29 = 4*q + 5*l, -2*q + l + 25 = -0*l. Let o(b) = -q - 10 + 4 + 13*b + 11*b. Is o(13) a composite number?
True
Suppose 12 = 3*b - 0*b. Suppose 5*x = -4*a + b*x + 930, -10 = -5*x. Let n = -150 + a. Is n a prime number?
False
Let x(s) = -13*s**2 - 11*s - 17. Let p be x(13). Is p*2*(-3)/6 a composite number?
False
Suppose -4*z = -4*q + 20334 + 39498, -3*z - 3 = 0. Is q a composite number?
False
Suppose -55*q + 57*q - 49030 = 0. Is q composite?
True
Let f = -5 - -10. Suppose -f*y + 9*y - 496 = 0. Let r = y + -65. Is r a composite number?
False
Let f = 19 + -11. Let u = f + -6. Suppose 402 = u*t + 84. Is t composite?
True
Suppose 4*y = -26 - 2. Let o(w) = 7*w**2 - 11*w - 7. Is o(y) prime?
False
Let s be 7/(-2*1*1/(-2)). Suppose 10*x - s*x = 1569. Is x prime?
True
Suppose z = -4*b + 4579, 3*b = -6*z + 9*z - 13662. Is z prime?
False
Suppose 0 = -m - 5*u - 5, -m - 4*u - 4 = -4*m. Suppose 5*t + 3 = -12, -5*x - 2*t + 4789 = m. Is x a composite number?
True
Let v = 292590 + -197041. Is v a composite number?
False
Suppose 44899 + 43638 = 43*n. Is n a composite number?
True
Let w(p) = 17*p**2 - 4. Suppose -u + 3 = -2*u. Let i be w(u). Suppose i = 3*f - 328. Is f a composite number?
True
Suppose -30*m = -26*m - 3568. Suppose -5*t = 2*r - 6*r + m, -3*t = -3*r + 669. Is r a composite number?
False
Suppose -7389 = -3*v + 2*p, 0 = -3*p + 2 - 11. Is v a composite number?
True
Let s(y) = -32*y + 3. Let a(f) = -63*f + 5. Let u(i) = -3*a(i) + 5*s(i). Is u(3) a prime number?
False
Let i = 39 + -36. Suppose i*s - 4*s + 186 = b, -s + 568 = 3*b. Is b prime?
True
Let c(t) = t**2 - 4*t - 7. Le